{"id":46,"date":"2026-05-12T09:13:44","date_gmt":"2026-05-12T07:13:44","guid":{"rendered":"http:\/\/rasumavk.de\/?page_id=46"},"modified":"2026-05-12T09:13:44","modified_gmt":"2026-05-12T07:13:44","slug":"nutzungsbedingungen","status":"publish","type":"page","link":"https:\/\/rasumavk.de\/?page_id=46","title":{"rendered":"Nutzungsbedingungen"},"content":{"rendered":"\n<h1 class=\"wp-block-heading\" id=\"nutzungsbedingungen\">Nutzungsbedingungen<\/h1>\n\n\n\n<h2 class=\"wp-block-heading\" id=\"1-geltungsbereich\">1) Geltungsbereich<\/h2>\n\n\n\n<p>Diese Nutzungsbedingungen des Rasmus Wilhelm, handelnd unter \u201eRasmus Wilhelm\u201c (nachfolgend \u201eBetreiber\u201c) gelten f\u00fcr die Nutzung der vom Betreiber betriebenen Website durch den Nutzer.<\/p>\n\n\n\n<p>Durch die Nutzung der Website erkl\u00e4rt sich der Nutzer mit diesen Nutzungsbedingungen einverstanden.<\/p>\n\n\n\n<h2 class=\"wp-block-heading\" id=\"2-leistung-des-betreibers\">2) Leistung des Betreibers<\/h2>\n\n\n\n<p><strong>2.1<\/strong>&nbsp;Der Betreiber stellt die Website im gegenw\u00e4rtigen Zustand sowie auf der Grundlage der aktuellen Verf\u00fcgbarkeit bereit. Er schuldet weder eine bestimmte Qualit\u00e4t, Kompatibilit\u00e4t, Sicherheit, einen bestimmten Funktionsumfang oder dass sich die Website f\u00fcr einen bestimmten Zweck eignet.<\/p>\n\n\n\n<p><strong>2.2<\/strong>&nbsp;Der Betreiber \u00fcbernimmt keine Gew\u00e4hr daf\u00fcr, dass die Website ununterbrochen oder fehlerfrei funktioniert, dass Fehler beseitigt werden oder dass die Website oder die Server, \u00fcber die die Website zur Verf\u00fcgung gestellt wird, frei von Viren oder anderer sch\u00e4dlicher Software sind.<\/p>\n\n\n\n<p><strong>2.3<\/strong>&nbsp;Der Betreiber ist berechtigt, den Betrieb der Website jederzeit ganz oder teilweise zu ver\u00e4ndern oder einzustellen.<\/p>\n\n\n\n<h2 class=\"wp-block-heading\" id=\"3-links-auf-webseiten-dritter\">3) Links auf Webseiten Dritter<\/h2>\n\n\n\n<p>Die Website des Betreibers kann Links auf andere Websites enthalten, die von Dritten betrieben werden und auf deren Inhalt der Betreiber keinen Einfluss hat. Die Bereitstellung dieser Links bedeutet nicht, dass der Betreiber diese Websites, die darauf enthaltenen Inhalte, deren Betreiber oder deren Praktiken billigt. Sollte der Betreiber feststellen oder von Dritten darauf hingewiesen werden, dass die verlinkten Websites rechtswidrige Inhalte enthalten, wird er den Link zu der betreffenden Website unverz\u00fcglich entfernen.<\/p>\n\n\n\n<h2 class=\"wp-block-heading\" id=\"4-nutzungsbeschrankungen\">4) Nutzungsbeschr\u00e4nkungen<\/h2>\n\n\n\n<p>Der Nutzer darf die Website und ihre Inhalte nur zu rechtm\u00e4\u00dfigen Zwecken und gem\u00e4\u00df diesen Nutzungsbedingungen nutzen.<\/p>\n\n\n\n<p>Verboten sind insbesondere folgende Verhaltensweisen:<\/p>\n\n\n\n<ul class=\"wp-block-list\">\n<li>Jegliche Nutzung der Website in einer Weise, die die Website deaktivieren, \u00fcberlasten, sch\u00e4digen oder beeintr\u00e4chtigen k\u00f6nnte;<\/li>\n\n\n\n<li>Einsatz von Programmen oder sonstiger technischer Hilfsmittel zur Text- und Datengewinnung, \u00dcberwachung oder Vervielf\u00e4ltigung von Inhalten auf der Website;<\/li>\n\n\n\n<li>Einsatz von Programmen oder sonstiger technischer Hilfsmittel, die den ordnungsgem\u00e4\u00dfen Betrieb der Website st\u00f6ren;<\/li>\n\n\n\n<li>Einschleusen von Schadsoftware wie Viren, Trojaner oder W\u00fcrmer;<\/li>\n\n\n\n<li>Beeintr\u00e4chtigung der Website mit einem Denial-of-Service-Angriff oder einem Distributed-Denial-of-Service-Angriff;<\/li>\n\n\n\n<li>Jeglicher Versuch, zu Teilen der Website, zu dem Server, auf dem die Website gespeichert ist, oder einem mit der Website verbundenen Server, einer mit der Website verbundenen Datenbank oder einem mit der Website verbundenen Endger\u00e4t unbefugten Zugang zu erhalten oder diesen zu st\u00f6ren.<\/li>\n<\/ul>\n\n\n\n<h2 class=\"wp-block-heading\" id=\"5-verantwortlichkeit-des-nutzers-fur-inhalte\">5) Verantwortlichkeit des Nutzers f\u00fcr Inhalte<\/h2>\n\n\n\n<p>Jeder Nutzer ist f\u00fcr den Inhalt der Informationen, die er auf der Website des Betreibers einstellt, allein verantwortlich, insbesondere f\u00fcr deren Wahrheitsgehalt und rechtliche Unbedenklichkeit. Der Nutzer versichert, dass die von ihm angegebenen Daten der Wahrheit entsprechen. Der Nutzer tr\u00e4gt daf\u00fcr Sorge, dass die von ihm eingestellten Inhalte nicht gegen diese Nutzungsbedingungen oder gegen geltendes Recht versto\u00dfen. Er hat insbesondere die Vorgaben des geistigen Eigentums (Urheberrechte, Patentrechte, Markenrechte etc.) jederzeit vollumf\u00e4nglich einzuhalten und sich jederzeit so zu verhalten, dass Rechte Dritter nicht beeintr\u00e4chtigt werden und f\u00fcr den Betreiber keine Gefahr, etwa wegen einer Inanspruchnahme durch Dritte, entstehen kann.<\/p>\n\n\n\n<p>Verboten ist insbesondere die Ver\u00f6ffentlichung<\/p>\n\n\n\n<ul class=\"wp-block-list\">\n<li>urheberrechtlich gesch\u00fctzter Inhalte, wenn keine Berechtigung zur Nutzung vorliegt (z.B. Fotos, zu deren Ver\u00f6ffentlichung im Internet der Fotograf und\/oder eine abgebildete Person nicht eingewilligt hat);<\/li>\n\n\n\n<li>falscher Tatsachenbehauptungen;<\/li>\n\n\n\n<li>von Beitr\u00e4gen, die darauf abzielen, andere Nutzer pers\u00f6nlich anzugreifen oder zu diffamieren;<\/li>\n\n\n\n<li>rassistischer, fremdenfeindlicher, diskriminierender oder beleidigender Inhalte;<\/li>\n\n\n\n<li>Jugendgef\u00e4hrdender Inhalte;<\/li>\n\n\n\n<li>Gewalt verherrlichender Inhalte;<\/li>\n\n\n\n<li>von Links auf Seiten, die nicht den gesetzlichen Bestimmungen oder diesen Nutzungsbedingungen entsprechen.<\/li>\n<\/ul>\n\n\n\n<h2 class=\"wp-block-heading\" id=\"6-moderation-und-beschrankung-von-inhalten\">6) Moderation und Beschr\u00e4nkung von Inhalten<\/h2>\n\n\n\n<p><strong>6.1<\/strong>&nbsp;Der Betreiber ist grunds\u00e4tzlich nicht verpflichtet, die von Nutzern eingestellten Inhalte proaktiv auf ihre Rechtm\u00e4\u00dfigkeit oder Vereinbarkeit mit den Rechten Dritter oder diesen Nutzungsbedingungen zu \u00fcberpr\u00fcfen. Der Betreiber beh\u00e4lt sich gleichwohl vor, im Einzelfall auf eigene Veranlassung Inhalte des Nutzers auf deren Rechtm\u00e4\u00dfigkeit hin zu \u00fcberpr\u00fcfen und im Falle von festgestellten Verst\u00f6\u00dfen nach eigenem billigen Ermessen Ma\u00dfnahmen zu deren Beseitigung zu ergreifen.<\/p>\n\n\n\n<p><strong>6.2<\/strong>&nbsp;Nutzer und betroffene Dritte k\u00f6nnen dem Betreiber mutma\u00dflich rechtswidrige Inhalte unter Nutzung der im Impressum des Betreibers angegebenen E-Mail-Adresse melden. Dem Betreiber steht es frei, den Inhalt einer Meldung an den Nutzer, der den gemeldeten Inhalt eingestellt hat, weiterzuleiten. Die Identit\u00e4t der meldenden Person wird gegen\u00fcber dem Nutzer nur dann offengelegt, wenn dies unbedingt notwendig ist.<\/p>\n\n\n\n<h2 class=\"wp-block-heading\" id=\"7-einraumung-von-nutzungsrechten-durch-den-nutzer-haftungsfreistellung\">7) Einr\u00e4umung von Nutzungsrechten durch den Nutzer, Haftungsfreistellung<\/h2>\n\n\n\n<p><strong>7.1<\/strong>&nbsp;Der Betreiber ist berechtigt, von Nutzern f\u00fcr die Website zur Verf\u00fcgung gestellte Inhalte und Informationen f\u00fcr die Website zu nutzen oder durch Dritte nutzen zu lassen.<\/p>\n\n\n\n<p><strong>7.2<\/strong>&nbsp;Der Nutzer r\u00e4umt dem Betreiber unentgeltlich nicht ausschlie\u00dflich und jederzeit widerruflich die hierf\u00fcr erforderlichen Nutzungsrechte, insbesondere das Recht zur dauerhaften Vorhaltung und Speicherung und zur \u00f6ffentlichen Zug\u00e4nglichmachung, das Vervielf\u00e4ltigungs- und Ver\u00f6ffentlichungsrecht sowie das Bearbeitungs- und Verbreitungsrecht ein und sichert zu, zu dieser Nutzungsrechtseinr\u00e4umung berechtigt zu sein.<\/p>\n\n\n\n<p><strong>7.3<\/strong>&nbsp;Der Nutzer stellt den Betreiber von s\u00e4mtlichen Anspr\u00fcchen frei, die andere Nutzer oder sonstige Dritte dem Betreiber gegen\u00fcber wegen Verletzung ihrer Rechte aufgrund vom Nutzer eingestellter Inhalte oder wegen dessen sonstiger Nutzung der Website geltend machen. Der Nutzer \u00fcbernimmt hierbei auch die notwendigen Kosten der Rechtsverteidigung einschlie\u00dflich aller Gerichts- und Anwaltskosten in gesetzlicher H\u00f6he. Dies gilt nicht, wenn die Rechtsverletzung vom Nutzer nicht zu vertreten ist. Der Nutzer ist verpflichtet, dem Betreiber im Falle einer Inanspruchnahme durch Dritte unverz\u00fcglich, wahrheitsgem\u00e4\u00df und vollst\u00e4ndig alle Informationen zur Verf\u00fcgung zu stellen, die f\u00fcr die Pr\u00fcfung der Anspr\u00fcche und eine Verteidigung erforderlich sind.<\/p>\n\n\n\n<h2 class=\"wp-block-heading\" id=\"8-einraumung-von-nutzungsrechten-durch-den-betreiber\">8) Einr\u00e4umung von Nutzungsrechten durch den Betreiber<\/h2>\n\n\n\n<p><strong>8.1<\/strong>&nbsp;Der Betreiber r\u00e4umt dem Nutzer ein nicht ausschlie\u00dfliches, jederzeit widerrufliches Recht ein, die vom Betreiber betriebene Website im Rahmen dieser Nutzungsbedingungen zu nutzen.<\/p>\n\n\n\n<p><strong>8.2<\/strong>&nbsp;Sofern und soweit sich aus den konkreten Umst\u00e4nden nichts anderes ergibt, ist es Nutzern grunds\u00e4tzlich untersagt, Inhalte dieser Website ganz oder teilweise f\u00fcr eigene gesch\u00e4ftliche Zwecke zu vervielf\u00e4ltigen, \u00f6ffentlich zug\u00e4nglich zu machen oder an Dritte weiterzugeben.<\/p>\n\n\n\n<p><strong>8.3<\/strong>&nbsp;Die Nutzung von auf der Website befindlichen urheberrechtlich und\/oder markenrechtlich gesch\u00fctzten Inhalten wie Logos, Bilder, Videos oder Texte ist verboten, sofern der Betreiber der Nutzung nicht ausdr\u00fccklich zugestimmt hat. Davon ausgenommen sind das Herunterladen, Kopieren und\/oder Ausdrucken von Seiten der Website zur ausschlie\u00dflich pers\u00f6nlichen und nicht kommerziellen Nutzung.<\/p>\n\n\n\n<p><strong>8.4<\/strong>&nbsp;Statistische Daten und\/oder sonstige Informationen au\u00dferhalb des gesetzlichen Urheberrechtes d\u00fcrfen ausschlie\u00dflich zu redaktionellen Zwecken unter Nennung des Betreibers als Quelle in angemessenem Rahmen verwendet werden.<\/p>\n\n\n\n<h2 class=\"wp-block-heading\" id=\"9-rechtsfolgen-bei-unzulassiger-nutzung\">9) Rechtsfolgen bei unzul\u00e4ssiger Nutzung<\/h2>\n\n\n\n<p>Der Betreiber beh\u00e4lt sich das Recht vor, dem Nutzer den Zugriff auf die Website vor\u00fcbergehend oder dauerhaft zu untersagen, wenn der Nutzer gegen geltendes Recht oder gegen diese Nutzungsbedingungen verst\u00f6\u00dft. Die Geltendmachung sonstiger Rechte, insbesondere die Geltendmachung von Schadensersatz, bleibt hiervon unber\u00fchrt.<\/p>\n\n\n\n<h2 class=\"wp-block-heading\" id=\"10-haftung-des-betreibers\">10) Haftung des Betreibers<\/h2>\n\n\n\n<p>Der Betreiber haftet dem Nutzer aus allen vertraglichen, vertrags\u00e4hnlichen und gesetzlichen, auch deliktischen Anspr\u00fcchen auf Schadens- und Aufwendungsersatz wie folgt:<\/p>\n\n\n\n<p><strong>10.1<\/strong>&nbsp;Der Betreiber haftet aus jedem Rechtsgrund uneingeschr\u00e4nkt<\/p>\n\n\n\n<ul class=\"wp-block-list\">\n<li>bei Vorsatz oder grober Fahrl\u00e4ssigkeit,<\/li>\n\n\n\n<li>bei vors\u00e4tzlicher oder fahrl\u00e4ssiger Verletzung des Lebens, des K\u00f6rpers oder der Gesundheit,<\/li>\n\n\n\n<li>aufgrund eines Garantieversprechens, soweit diesbez\u00fcglich nichts anderes geregelt ist,<\/li>\n\n\n\n<li>aufgrund zwingender Haftung wie etwa nach dem Produkthaftungsgesetz.<\/li>\n<\/ul>\n\n\n\n<p><strong>10.2<\/strong>&nbsp;Verletzt der Betreiber fahrl\u00e4ssig eine wesentliche Vertragspflicht, ist die Haftung auf den vertragstypischen, vorhersehbaren Schaden begrenzt, sofern nicht gem\u00e4\u00df vorstehender Ziffer unbeschr\u00e4nkt gehaftet wird. Wesentliche Vertragspflichten sind Pflichten, die der Vertrag dem Betreiber nach seinem Inhalt zur Erreichung des Vertragszwecks auferlegt, deren Erf\u00fcllung die ordnungsgem\u00e4\u00dfe Durchf\u00fchrung des Vertrags \u00fcberhaupt erst erm\u00f6glicht und auf deren Einhaltung der Nutzer regelm\u00e4\u00dfig vertrauen darf.<\/p>\n\n\n\n<p><strong>10.3<\/strong>&nbsp;Im \u00dcbrigen ist eine Haftung des Betreibers ausgeschlossen.<\/p>\n\n\n\n<p><strong>10.4<\/strong>&nbsp;Vorstehende Haftungsregelungen gelten auch im Hinblick auf die Haftung des Betreibers f\u00fcr seine Erf\u00fcllungsgehilfen und gesetzlichen Vertreter.<\/p>\n\n\n\n<h2 class=\"wp-block-heading\" id=\"11-anderung-der-nutzungsbedingungen\">11) \u00c4nderung der Nutzungsbedingungen<\/h2>\n\n\n\n<p>Der Betreiber beh\u00e4lt sich vor, diese Nutzungsbedingungen jederzeit zu \u00e4ndern. \u00c4nderungen werden bekanntgegeben, indem die ge\u00e4nderte Version der Nutzungsbedingungen auf der Website des Betreibers ver\u00f6ffentlicht wird. Der Nutzer erkl\u00e4rt sich mit den \u00c4nderungen einverstanden, indem er die Website nach der Bekanntgabe der \u00c4nderungen weiterhin nutzt.<\/p>\n\n\n\n<h2 class=\"wp-block-heading\" id=\"12-anwendbares-recht\">12) Anwendbares Recht<\/h2>\n\n\n\n<p>F\u00fcr s\u00e4mtliche Rechtsbeziehungen der Parteien gilt das Recht der Bundesrepublik Deutschland. Bei Verbrauchern gilt diese Rechtswahl nur insoweit, als nicht der durch zwingende Bestimmungen des Rechts des Staates, in dem der Verbraucher seinen gew\u00f6hnlichen Aufenthalt hat, gew\u00e4hrte Schutz entzogen wird.<\/p>\n\n\n\n<h2 class=\"wp-block-heading\" id=\"13-gerichtsstand\">13) Gerichtsstand<\/h2>\n\n\n\n<p>Handelt der Nutzer als Kaufmann, juristische Person des \u00f6ffentlichen Rechts oder \u00f6ffentlich-rechtliches Sonderverm\u00f6gen mit Sitz im Hoheitsgebiet der Bundesrepublik Deutschland, ist ausschlie\u00dflicher Gerichtsstand f\u00fcr alle Streitigkeiten aus diesem Vertrag der Gesch\u00e4ftssitz des Betreibers. Hat der Nutzer seinen Sitz au\u00dferhalb des Hoheitsgebiets der Bundesrepublik Deutschland, so ist der Gesch\u00e4ftssitz des Betreibers ausschlie\u00dflicher Gerichtsstand f\u00fcr alle Streitigkeiten aus diesem Vertrag, wenn der Vertrag oder Anspr\u00fcche aus dem Vertrag der beruflichen oder gewerblichen T\u00e4tigkeit des Nutzers zugerechnet werden k\u00f6nnen. Der Betreiber ist in den vorstehenden F\u00e4llen jedoch in jedem Fall berechtigt, das Gericht am Sitz des Nutzers anzurufen.<\/p>\n","protected":false},"excerpt":{"rendered":"<p>Nutzungsbedingungen 1) Geltungsbereich Diese Nutzungsbedingungen des Rasmus Wilhelm, handelnd unter \u201eRasmus Wilhelm\u201c (nachfolgend \u201eBetreiber\u201c) gelten f\u00fcr die Nutzung der vom [&hellip;]<\/p>\n","protected":false},"author":1,"featured_media":0,"parent":0,"menu_order":0,"comment_status":"closed","ping_status":"closed","template":"","meta":{"_gspb_post_css":"","site-sidebar-layout":"default","site-content-layout":"","ast-site-content-layout":"default","site-content-style":"default","site-sidebar-style":"default","ast-global-header-display":"","ast-banner-title-visibility":"","ast-main-header-display":"","ast-hfb-above-header-display":"","ast-hfb-below-header-display":"","ast-hfb-mobile-header-display":"","site-post-title":"","ast-breadcrumbs-content":"","ast-featured-img":"","footer-sml-layout":"","ast-disable-related-posts":"","theme-transparent-header-meta":"","adv-header-id-meta":"","stick-header-meta":"","header-above-stick-meta":"","header-main-stick-meta":"","header-below-stick-meta":"","astra-migrate-meta-layouts":"default","ast-page-background-enabled":"default","ast-page-background-meta":{"desktop":{"background-color":"var(--ast-global-color-5)","background-image":"","background-repeat":"repeat","background-position":"center center","background-size":"auto","background-attachment":"scroll","background-type":"","background-media":"","overlay-type":"","overlay-color":"","overlay-opacity":"","overlay-gradient":""},"tablet":{"background-color":"","background-image":"","background-repeat":"repeat","background-position":"center center","background-size":"auto","background-attachment":"scroll","background-type":"","background-media":"","overlay-type":"","overlay-color":"","overlay-opacity":"","overlay-gradient":""},"mobile":{"background-color":"","background-image":"","background-repeat":"repeat","background-position":"center center","background-size":"auto","background-attachment":"scroll","background-type":"","background-media":"","overlay-type":"","overlay-color":"","overlay-opacity":"","overlay-gradient":""}},"ast-content-background-meta":{"desktop":{"background-color":"var(--ast-global-color-4)","background-image":"","background-repeat":"repeat","background-position":"center center","background-size":"auto","background-attachment":"scroll","background-type":"","background-media":"","overlay-type":"","overlay-color":"","overlay-opacity":"","overlay-gradient":""},"tablet":{"background-color":"var(--ast-global-color-4)","background-image":"","background-repeat":"repeat","background-position":"center center","background-size":"auto","background-attachment":"scroll","background-type":"","background-media":"","overlay-type":"","overlay-color":"","overlay-opacity":"","overlay-gradient":""},"mobile":{"background-color":"var(--ast-global-color-4)","background-image":"","background-repeat":"repeat","background-position":"center center","background-size":"auto","background-attachment":"scroll","background-type":"","background-media":"","overlay-type":"","overlay-color":"","overlay-opacity":"","overlay-gradient":""}},"footnotes":""},"class_list":["post-46","page","type-page","status-publish","hentry"],"_links":{"self":[{"href":"https:\/\/rasumavk.de\/index.php?rest_route=\/wp\/v2\/pages\/46","targetHints":{"allow":["GET"]}}],"collection":[{"href":"https:\/\/rasumavk.de\/index.php?rest_route=\/wp\/v2\/pages"}],"about":[{"href":"https:\/\/rasumavk.de\/index.php?rest_route=\/wp\/v2\/types\/page"}],"author":[{"embeddable":true,"href":"https:\/\/rasumavk.de\/index.php?rest_route=\/wp\/v2\/users\/1"}],"replies":[{"embeddable":true,"href":"https:\/\/rasumavk.de\/index.php?rest_route=%2Fwp%2Fv2%2Fcomments&post=46"}],"version-history":[{"count":1,"href":"https:\/\/rasumavk.de\/index.php?rest_route=\/wp\/v2\/pages\/46\/revisions"}],"predecessor-version":[{"id":47,"href":"https:\/\/rasumavk.de\/index.php?rest_route=\/wp\/v2\/pages\/46\/revisions\/47"}],"wp:attachment":[{"href":"https:\/\/rasumavk.de\/index.php?rest_route=%2Fwp%2Fv2%2Fmedia&parent=46"}],"curies":[{"name":"wp","href":"https:\/\/api.w.org\/{rel}","templated":true}]}}